t is the greatest common divisor of z and v?
20
Suppose 5*z + 5*d = 2*d - 122, -4*z + 3*d - 103 = 0. Let t be (10/z)/((-2)/650). Calculate the greatest common divisor of 52 and t.
26
Suppose 3*t = -0*t - 2*s + 35, -2*s = -t + 25. Suppose -703 - 1832 = -5*y + 2*c, 4*c = 0. Suppose y = 5*q - 318. What is the greatest common divisor of t and q?
15
Suppose 10*p - 1267 - 53 = 0. Calculate the highest common divisor of 36 and p.
12
Let u = 10 - 7. Let d(x) = 2*x**3 - 3*x**2 - 8*x + 7. Let f be d(4). Suppose 3*m - 15 = 0, 0 = -p - u*m + f. Calculate the greatest common divisor of p and 10.
10
Let b = 96 - -108. Suppose f = -5*s - f + b, s - f - 45 = 0. Calculate the greatest common factor of 84 and s.
42
Let t be (180/(-100))/((-6)/80). Suppose -t - 26 = -m. Calculate the greatest common factor of 200 and m.
50
Let n be (9/2)/(528/(-32) + 18). Calculate the greatest common factor of 651 and n.
3
Let u be (2 + 103/(-2))*100/(-75). What is the greatest common factor of u and 154?
22
Let v be (-11)/(-1 - (-4 - -4)). Let t(k) = v - 5*k - 11 - 2 - 1. Let n be t(-4). What is the greatest common factor of n and 85?
17
Let t be 25 + (-12)/2 + (-30)/(-6). Calculate the greatest common divisor of 78 and t.
6
Let y be (-3)/(-2)*((-14)/(-6) + -1). Let s = 16 + -20. Let l(p) = -p**3 - 5*p**2 - 6*p - 6. Let q be l(s). What is the greatest common factor of q and y?
2
Let g be (-912)/(-30) + 4/(-10). Suppose -w + g = -30. What is the greatest common factor of w and 12?
12
Suppose f - 19 = -4*d, -5*f + d + 32 = -21. Let s(v) = 19*v + 27. Let a be s(-5). Let o = 156 + a. What is the highest common factor of f and o?
11
Let s(q) = q**3 - 5*q**2 - 38*q + 6. Let u be s(10). What is the greatest common factor of u and 72?
18
Let c(j) = -j**3 - 15*j**2 - 28*j - 26. Let b be c(-13). Suppose -3*r = 0, -3*y - 3*r + 138 + 156 = b. Calculate the greatest common factor of 14 and y.
14
Suppose 115*r + 116 = 117*r. Suppose -2*l = 3*l - 4*w - r, -3*l - 5*w + 20 = 0. What is the highest common factor of l and 70?
10
Suppose 2*i + 1 - 7 = 0. Let w be (0 - i) + 0 + 248. Calculate the highest common factor of w and 35.
35
Let t = 5 - -55. Let y = t + -15. What is the greatest common factor of y and 5?
5
Let s = 72 + -58. What is the greatest common factor of 77 and s?
7
Suppose -22*l + 6*l + 528 = 0. Calculate the highest common factor of l and 264.
33
Let k be (17 - -14 - -9)*(-3)/((-6)/5). Suppose 31 + 9 = 2*r. Calculate the greatest common factor of r and k.
20
Suppose 5*c = -4*y + 30, -2*c = y + y - 14. Let n be -3*(-3 - -4) + 34. Suppose c*o + 5 - n = 0. What is the highest common factor of o and 52?
13
Let w = 83 - -43. What is the greatest common factor of w and 42?
42
Let s(r) = -r**3 + 10*r**2 - 2*r - 23. Let t be s(7). Let c be (-4 + t/(-5))*(-2)/4. What is the greatest common factor of c and 143?
13
Let i(k) = 2*k**2 - k + 2. Let p be i(-2). Let d be ((-3)/(30/(-8)))/((-14)/35). Let w be (-6)/d*3/9*8. Calculate the highest common divisor of p and w.
4
Suppose -9 = 2*v - 3. Let b = v - 5. Let k be 4/b*6 - -45. What is the greatest common factor of k and 6?
6
Let o be ((-28)/2*-1)/(-2). Let n be 2/o + (-400)/(-28). Let u = 20 - n. Calculate the highest common factor of u and 9.
3
Let f be -2*(-4 + 15/5). Let w be 24 + f + 4 + 0. What is the highest common divisor of 12 and w?
6
Let d be (-1)/(1/(-133) + 0). Suppose -4*w = 37 - d. Suppose 26 + w = 5*g. What is the greatest common divisor of 2 and g?
2
Suppose -2*y + 4*y - 180 = 0. Let f = -1109 + 1127. What is the greatest common factor of f and y?
18
Let h be 1/1*1 + 1. Let y be (-242)/11*6/(-4). Suppose -h*v + y = -7. What is the greatest common divisor of 60 and v?
20
Let x be (-2)/(-18) - 3595/(-45). Let b(q) = q**2 + 10*q - 14. Let p = -13 + 1. Let a be b(p). Calculate the greatest common divisor of a and x.
10
Suppose 126*f + 36 = 130*f. Calculate the highest common factor of f and 9.
9
Let q = 191 + -101. Let r be (-96)/(-10) + (3 - q/25). What is the highest common divisor of 72 and r?
9
Let v be (5/(-20))/(2/(-40)). Let o be v/(-1)*2/5. Let a be (-9 + o)*(-2 + 1). What is the greatest common divisor of a and 99?
11
Let m be (6 - 9)*-5 - 7. What is the greatest common divisor of m and 76?
4
Suppose -4*k = -20, -k - 2 + 13 = a. Suppose g = 7*g + 66. Let t be (g/22)/(1/(-132)). What is the highest common factor of t and a?
6
Let n = -313 + 187. Let a = -63 - n. Calculate the greatest common divisor of a and 7.
7
Let x(v) = -3*v. Let t be x(-1). Let o = -12 - -9. Let k be 1*-5*t/o. Calculate the highest common factor of k and 5.
5
Suppose 15*d = 7*d + 24. Let x(p) = p + 14. Let y be x(-11). What is the greatest common divisor of d and y?
3
Let q be 14/70 - (-2318)/10. What is the greatest common factor of q and 29?
29
Suppose 0 = 2*s + 4*f, s + 3 + 1 = -4*f. Suppose 4*m - 213 = -3*z - 37, s*m + 208 = 3*z. Calculate the greatest common divisor of z and 8.
8
Let p = -607 - -883. Suppose p = u + 3*u. What is the highest common factor of u and 23?
23
Let w = -12 + 14. Suppose -w*t = -5*t + 153. Let y = 49 - 32. Calculate the highest common divisor of t and y.
17
Let l = 49 - -297. Let v = l - 247. What is the greatest common divisor of 9 and v?
9
Let t = 154 - 137. Let x = 1 - -3. Suppose x*c + 47 - 523 = 0. Calculate the greatest common factor of c and t.
17
Let c be (-13)/((-195)/360) - 24/(-3). Let j be (-1)/3 - 64/(-3). Suppose 11 + j = i. Calculate the highest common divisor of i and c.
32
Let j be ((44 - 4) + -9)*34. What is the greatest common divisor of 62 and j?
62
Let h(n) = n**3 - 6*n**2 + n - 4. Let q be h(6). Calculate the greatest common factor of 7 and q.
1
Let j = 7 + -4. Suppose -2*y = 4*q - 9*q - 41, -155 = -5*y + 2*q. What is the highest common divisor of j and y?
3
Let b(u) = -5*u - 2. Suppose 0 = 2*d - 3 + 5. Let y be b(d). Suppose o + 1 - 2 = z, 5*z = -y*o + 43. What is the highest common factor of 30 and o?
6
Suppose 25 = 3*r + 13. Suppose -r*m = -1911 + 259. Suppose -4*x = -m - 907. Calculate the greatest common factor of 30 and x.
30
Let h be 12/(-18)*3*-1. Let l(z) = -z**3 + z**2 + 4*z - 5. Let u be l(h). Let i be u/(2*4/(-96)). Calculate the highest common factor of 96 and i.
12
Suppose 0 = 5*r - 199 - 161. Let d = -10 + -2. Let y = d + 30. What is the highest common divisor of r and y?
18
Let f be (-4)/18 + (-227)/(-9). Let w(m) = m + 244. Let u be w(0). Suppose -3*a = -u + 19. What is the highest common factor of a and f?
25
Suppose 103 = 2*x - 11. Suppose 2*a + k - 27 = 0, 4*a = 2*k - 3*k + x. What is the highest common factor of a and 5?
5
Suppose -14*l + 19*l = 765. What is the highest common factor of 102 and l?
51
Let m be (9/4)/((-6)/(-160)). Let k be (-36)/6 + 39 + -9. What is the highest common factor of k and m?
12
Suppose -5*k = -10, 0 = -5*g + 9*g - 5*k - 606. What is the greatest common factor of g and 70?
14
Let i = -327 + 561. What is the greatest common divisor of i and 13?
13
Suppose 2*j - 58 = 5*l, 0 = -5*j + 2*l + 3 + 184. Suppose 3*a - 1101 = -5*x + 273, -2*x + 531 = -5*a. Calculate the greatest common factor of x and j.
39
Suppose -3*j - 94 = -2*j - 3*b, 2*b = 4*j + 356. Let l = j + 96. Calculate the greatest common factor of 72 and l.
8
Let z = 20 - 1. Let k = 1 + z. Let b = k + -10. Calculate the highest common factor of b and 20.
10
Let s(w) = -w**2 + 6*w - 6. Let a be s(3). Suppose 5*p - 5*x = -70 + 205, 4*p = -5*x + 108. What is the highest common factor of p and a?
3
Suppose 2*p - 5*c = 67, -p = p + c - 61. Calculate the greatest common divisor of 403 and p.
31
Suppose 0 = 8*n - 17*u + 12*u - 252, -3*n - u + 83 = 0. What is the highest common factor of 522 and n?
29
Let r be 4*(-1)/(-5)*50. Suppose -3*g - r = -a - 6*g, 3*a = g + 80. Calculate the greatest common factor of 14 and a.
14
Suppose -6 = 3*v - 0*v. Let t be 1/((-2)/(16/v)). Suppose -5*a + r = -r - 74, t*a = 5*r + 66. Calculate the highest common factor of 21 and a.
7
Let l be 4*2*(25 + -20). Suppose w - l = -3*w. What is the highest common divisor of 50 and w?
10
Let w be (1 + (-15)/(-25))*10 - -2. Suppose k - 30 = -3*g, -2*g + 5 = 3*g. Calculate the greatest common divisor of k and w.
9
Suppose 4*k + 84 = 3*y, 4*y + 3*k + 34 = 146. What is the highest common factor of y and 210?
14
Let u(l) = 25*l**3 - l**2